rue
Is 5937269603 a prime number?
False
Is 4819786721 a composite number?
True
Is 2573550223 composite?
False
Is 7070449781 composite?
False
Is 3078572234 composite?
True
Is 373323133 a composite number?
True
Is 2105490659 a composite number?
True
Is 10625300519 a prime number?
True
Is 11727707995 a composite number?
True
Is 110478107 prime?
False
Is 10188250649 a prime number?
True
Is 137979061 a prime number?
False
Is 540846973 a prime number?
False
Is 2019184151 a composite number?
False
Is 2496118553 a composite number?
False
Is 6420646219 a composite number?
True
Is 16520220133 a composite number?
True
Is 23242794313 a composite number?
False
Is 2590230299 a composite number?
False
Is 3457794787 prime?
False
Is 6858307853 a composite number?
True
Is 18434431021 a prime number?
True
Is 1961070721 prime?
True
Is 2177728177 a composite number?
False
Is 225586279603 prime?
False
Is 911126663 prime?
False
Is 6487763357 composite?
False
Is 56553403373 composite?
True
Is 26909964241 prime?
False
Is 88488077749 composite?
True
Is 225099647401 a prime number?
True
Is 11499256113 a prime number?
False
Is 4064274677 a prime number?
False
Is 70925138759 composite?
False
Is 130451570819 a prime number?
True
Is 11730087617 a composite number?
False
Is 3717479459 a composite number?
False
Is 16172578133 prime?
False
Is 8333741599 composite?
True
Is 34657341659 a prime number?
True
Is 7743582307 prime?
True
Is 18873435899 composite?
False
Is 6119333317 prime?
False
Is 4475996293 prime?
True
Is 18352440039 composite?
True
Is 1915639097 composite?
False
Is 923798093 prime?
True
Is 10384418959 prime?
False
Is 45609218601 a composite number?
True
Is 64160791 composite?
False
Is 579331417 a prime number?
False
Is 7466053657 prime?
True
Is 3534601469 composite?
True
Is 1069231209 prime?
False
Is 4766266573 a prime number?
False
Is 4265878063 a prime number?
False
Is 46613974107 composite?
True
Is 1534894591 a composite number?
False
Is 16195267499 prime?
False
Is 367010759 composite?
True
Is 1016625341 composite?
False
Is 63067031 composite?
False
Is 288077453 prime?
True
Is 1586863297 composite?
True
Is 8081552923 composite?
True
Is 1974186083 a prime number?
True
Is 127570469291 a prime number?
False
Is 5805546415 a prime number?
False
Is 2601057761 composite?
False
Is 887491861 a composite number?
True
Is 5722258489 a prime number?
False
Is 24630912193 a prime number?
True
Is 6074392759 composite?
True
Is 50891678351 composite?
True
Is 8924024661 a composite number?
True
Is 276402509 composite?
True
Is 2781402397 composite?
True
Is 19530461359 a composite number?
True
Is 23397907 a prime number?
False
Is 40809029817 a composite number?
True
Is 18642187297 a prime number?
True
Is 9708127133 a composite number?
False
Is 1085765383 prime?
True
Is 6148497857 a prime number?
True
Is 16830352967 composite?
False
Is 3316858619 prime?
False
Is 3596513803 a prime number?
False
Is 3416629067 prime?
True
Is 59601539 composite?
True
Is 45905575019 a composite number?
False
Is 6177943091 a prime number?
True
Is 5319031591 composite?
True
Is 30649998593 prime?
False
Is 5680762069 prime?
False
Is 15233765 a prime number?
False
Is 9800265851 composite?
False
Is 82734369911 prime?
True
Is 128342498906 a composite number?
True
Is 731276831 composite?
False
Is 2452120751 a prime number?
True
Is 2454839707 a composite number?
False
Is 181646863 composite?
False
Is 206271413 prime?
False
Is 66249178951 a composite number?
True
Is 1373660371 prime?
False
Is 189558547 a prime number?
False
Is 36597463293 a composite number?
True
Is 37876039 composite?
False
Is 5888182633 a composite number?
True
Is 19313297 composite?
True
Is 20673780077 a prime number?
True
Is 582304683 composite?
True
Is 162973170587 prime?
False
Is 66020812147 a prime number?
True
Is 1535624887 composite?
False
Is 23049958451 a composite number?
True
Is 9210211 prime?
False
Is 3941296601 prime?
False
Is 207774881749 a prime number?
True
Is 820593763 composite?
True
Is 884633 composite?
True
Is 118089817 a composite number?
False
Is 933445103 composite?
False
Is 1279265627 composite?
True
Is 21513104411 a composite number?
False
Is 87622632203 composite?
True
Is 56495591813 a prime number?
True
Is 1699697317 prime?
True
Is 1785766981 composite?
True
Is 370594949 prime?
True
Is 8185292839 prime?
False
Is 2457619223 a composite number?
False
Is 3971441983 a composite number?
False
Is 299356955 a composite number?
True
Is 6028438723 composite?
False
Is 2254783213 a composite number?
False
Is 25027380247 a composite number?
True
Is 4260946615 a prime number?
False
Is 211990461 prime?
False
Is 3940681411 prime?
False
Is 68518682203 prime?
True
Is 16029224969 composite?
True
Is 2081632081 composite?
True
Is 683328823 a composite number?
False
Is 6892446227 prime?
True
Is 366648959 a prime number?
False
Is 1932002273 composite?
True
Is 21275396489 prime?
False
Is 20979482677 composite?
False
Is 217440191 composite?
False
Is 6050293427 a prime number?
True
Is 66295782799 a prime number?
True
Is 9652719301 composite?
False
Is 15136333651 a composite number?
False
Is 101236559 a prime number?
True
Is 1082629421 a prime number?
False
Is 5658654523 a prime number?
False
Is 12698564741 a prime number?
True
Is 5997508753 a prime number?
True
Is 288070691 prime?
True
Is 294954443 a prime number?
False
Is 935613997 composite?
False
Is 11862701563 a composite number?
False
Is 11516239217 a composite number?
True
Is 539254307 a composite number?
False
Is 205098847 prime?
False
Is 21251533433 a prime number?
False
Is 116635138579 a prime number?
False
Is 980967101 prime?
True
Is 70591247411 a composite number?
True
Is 8084790599 composite?
False
Is 184905401 a prime number?
True
Is 5366324287 a composite number?
False
Is 6163317257 a composite number?
False
Is 35309582141 composite?
False
Is 495580769 composite?
False
Is 16700635951 composite?
False
Is 22560897839 a prime number?
True
Is 17997325106 a composite number?
True
Is 41308037737 prime?
True
Is 431174760571 a composite number?
False
Is 20474258131 prime?
True
Is 4254125971 a composite number?
True
Is 526220323 prime?
True
Is 61648995593 a composite number?
True
Is 14257894969 composite?
False
Is 532230431 prime?
True
Is 545228177 a composite number?
True
Is 10151927593 a prime number?
False
Is 1192106159 prime?
False
Is 27933012577 composite?
False
Is 5960713229 a composite number?
False
Is 2807293087 a prime number?
True
Is 5260898527 a composite number?
False
Is 17662965911 composite?
False
Is 106045088239 a prime number?
False
Is 1407084893 composite?
True
Is 10287742393 a prime number?
True
Is 4378470919 a prime number?
True
Is 14389276639 composite?
False
Is 10008576779 composite?
False
Is 53261106023 prime?
False
Is 2256585443 a prime number?
False
Is 18407983081 a prime number?
False
Is 4368261719 prime?
True
Is 106285211 a composite number?
True
Is 685181831 a composite number?
False
Is 85001195 a composite number?
True
Is 232429447 a composite number?
False
Is 2203034849 a composite number?
False
Is 184922761603 a composite number?
False
Is 15723780361 composite?
False
Is 44329690469 a prime number?
False
Is 738935297 composite?
False
Is 66633613 a composite number?
True
Is 72009925583 a prime number?
True
Is 3606434731 composite?
False
Is 275043343 composite?
True
Is 414452965543 composite?
False
Is 2378585567 prime?
True
Is 197314800919 a composite number?
False
Is 1072858387 a prime number?
False
Is 51612623129 a composite number?
False
Is 37947745031 prime?
False
Is 12363247531 composite?
True
Is 701500439 prime?
True
Is 26709679363 a prime number?
True
Is 55296959 a composite number?
False
Is 3356158679 a prime number?
True
Is 15326917763 composite?
False
Is 633850531 prime?
True
Is 20385651977 a composite number?
False
Is 53742437843 a prime number?
False
Is 937278659 composite?
True
Is 13044789083 composite?
False
Is 18370924837 a prime number?
True
Is 2351712413 a composite number?
True
Is 3544116131 a prime number?
True
Is 115494401 prime?
False
Is 10627418337 composite?
True
Is 18298599251 a composite number?
False
Is 18631993687 composite?
False
Is 34043464309 a composite number?
False
Is 19202628721 composite?
True
Is 47898514091 a composite num